 w, 2*g - 4*q = 4. Let f(n) = -n**3 - 17 + g*n**3 + 15 + 2*n**2. Calculate f(2).
-2
Let w(v) be the second derivative of -v**5/20 - v**4/12 + v**3/2 + v**2/2 - 3*v. Suppose -12*h + 13*h - 2*k = 0, -2*k + 6 = -4*h. Determine w(h).
-1
Let r(c) = 1 + 3 + 3*c**2 - 5*c - c**2. Suppose -10 = -5*t + 5. Suppose -t*w - 4*y = -1, -3*w - w = 4*y - 4. What is r(w)?
7
Let r(h) = h**2 - 8*h**2 + 6*h**2. Let d(c) = 2*c**3 - 6*c**2 + 2*c - 1. Let o(j) = -d(j) + 4*r(j). Let a = -12 + 14. Calculate o(a).
-11
Let h(r) be the second derivative of 0*r**2 + 0 - 74*r + 1/3*r**3. Let s be 2/7 - 12/(-7). Give h(s).
4
Let s be (-56)/(-11) + 2244/(-2057). Let z(x) = -x**3 - x**2 - 8*x - 11. Let h(f) = 3*f**3 + 2*f**2 + 23*f + 32. Let w(d) = 6*h(d) + 17*z(d). Calculate w(s).
-3
Suppose u + 19 = -42. Let m = 66 + u. Let l(w) = w**2 - 4*w - 7. What is l(m)?
-2
Let l(k) be the first derivative of k**3/3 - k**2 - 2*k + 92. Determine l(-1).
1
Let i(m) be the second derivative of -m**7/1260 - m**6/720 + m**5/120 - 43*m**4/12 - 9*m. Let a(w) be the third derivative of i(w). What is a(2)?
-9
Let f(o) = 3*o - 3. Let w = 137 + -135. Calculate f(w).
3
Suppose -4*d + 5 + 3 = 0. Let k(z) = 0 - 2*z**2 + z + 3*z**d - 5. Suppose 0 = -3*w + 9 + 3. Calculate k(w).
15
Let s(o) = -2*o**3 - 25*o**2 - 12*o + 5. Let l be (2/(-10) - 0) + 118/(-10). Let k be s(l). Let f(q) = q**3 - 4*q**2 - 7*q + 4. Calculate f(k).
-6
Let j(a) = -4*a**3 + 5*a**2 + 4*a - 14. Let y(h) = 11*h**3 - 15*h**2 - 11*h + 41. Let i(m) = -8*j(m) - 3*y(m). Calculate i(5).
-6
Let d(x) = 2*x - 7. Let t(v) = 7*v - 295. Let z be t(43). Give d(z).
5
Let a be 3/(-6)*(-23 + 27). Let d(z) = 2*z**2. Calculate d(a).
8
Let r(v) be the third derivative of 7*v**6/180 - v**5/60 + v**4/24 - 10*v**3/3 - 4*v**2. Let b(x) be the first derivative of r(x). Determine b(1).
13
Let q be (-6)/12*(-1 - -23). Let s = 15 + q. Let k(y) be the third derivative of y**6/120 - y**5/12 + y**4/8 - y**3/2 + y**2. Calculate k(s).
-7
Let c be (27/36 + 36/(-16))*-4. Let l(g) = g + 3. Calculate l(c).
9
Let x(j) = j - 10. Let u be (-2)/(-6) - 768/(-18). Suppose -2*n + 4*z = 3*z - 9, -4*n - 3*z + u = 0. Give x(n).
-3
Suppose -46 = -4*y - y - 3*j, 5*y - 4*j - 32 = 0. Let c(a) = -a + y + 5*a**2 + a - 10. What is c(-2)?
18
Let c(n) = -6*n + 1. Let z(m) = 7*m + 2. Let b(f) = -4*c(f) - 3*z(f). Give b(7).
11
Let d(i) = -26*i**3 + 2*i**2 - 8*i + 2 - 1 + 6*i. Let r = 26 + -25. What is d(r)?
-25
Let r be ((-26)/(-4))/(2 + 21/(-14)). Suppose -r = 5*g - 33. Let u(k) = -k**2 + 5*k - 2. Determine u(g).
2
Let n be -1 - (3/(-3) - -1). Let r(l) = -l**2 - 8*l + 14. Let h be r(-8). Let w(v) = -v - h + 7*v + 14. Calculate w(n).
-6
Suppose -2*w = -2*k + 2*w + 32, -3*w = 3*k - 12. Suppose -k*c + 7*c - 5 = 0. Let n(a) = -a**2 - 7*a - 4. Determine n(c).
6
Let h(q) = -3*q + 2. Let m(t) = -t. Let a(j) = h(j) - m(j). Let c = 5 - 2. Determine a(c).
-4
Let y(f) = -2*f - 12. Suppose d - 2 = 5*l + 1, 4*d - 5*l = -33. Determine y(d).
12
Let v(k) = 12370*k**2 + 0*k - 12369*k**2 + 5 + 9*k. Calculate v(-6).
-13
Suppose -f - v + 4 = 0, 3 = 2*f + 5*v - 8. Let q(z) = -6*z**2 - 1 - z + 5*z**f + 7*z**2 - 2*z**3 + 2*z**3. Calculate q(-1).
-4
Let d(j) = 3*j**2 + j + 5. Let o(x) = -8*x**2 - 4*x - 3 - 1 - 6 - 4. Let m(w) = -11*d(w) - 4*o(w). Calculate m(6).
-5
Suppose 128 = -22*k + 14*k. Let y(w) = -w**3 - 14*w**2 + 32*w - 5. Calculate y(k).
-5
Let l(k) = k**3 - 10*k**2 + 26*k + 11. Let m(j) = -2*j**3 + 17*j**2 - 51*j - 25. Let b(w) = -5*l(w) - 2*m(w). What is b(14)?
-5
Let q(l) = l**2 + 8*l + 2. Let b = 11 + -9. Suppose b = f + f. Let y be -4*f/(2/3). Calculate q(y).
-10
Let k be ((-2)/4)/(1/(-2)). Let g(w) = 53*w**3 + 8*w**2 + 27*w - 3. Let t(r) = 35*r**3 + 5*r**2 + 17*r - 2. Let z(o) = 5*g(o) - 8*t(o). What is z(k)?
-15
Let o(u) = -13*u**3 + 6*u**2 + 8*u - 14. Let l(w) = -24*w**3 + 11*w**2 + 15*w - 26. Let v(j) = 6*l(j) - 11*o(j). What is v(2)?
-6
Let v(u) = u**3 + 10*u**2 + 8*u - 8. Let b be v(-9). Let w(s) = 7*s**2 - 11. Let p(x) = 34 + 26 + x - 59 - x**2. Let q(o) = b*w(o) + 6*p(o). Determine q(-5).
-10
Let m(r) be the second derivative of r**3/2 + 5*r**2/2 - 313*r. What is m(-12)?
-31
Let u(q) = q**3 - 3*q**2 + 12*q - 6. Let a be u(5). Let t(f) = 4 - 53*f - 50*f + a*f. What is t(-4)?
0
Let l(t) be the second derivative of 3*t**4/8 + t**3/6 + 10*t**2 - 7*t. Let o(n) be the first derivative of l(n). Calculate o(-2).
-17
Let g(t) = 4*t - 17. Let z(h) = -h + 3. Let x(j) = -g(j) - 6*z(j). Let i(k) = k**2 - 6*k - 10. Let b be i(7). Give x(b).
-7
Let v(x) = 11*x**3 + 5*x**2 + 11*x + 6. Let u(n) = -9*n**3 - 5*n**2 - 10*n - 6. Let y(m) = 6*u(m) + 5*v(m). Let o be (-15)/2*(-20)/25. Determine y(o).
0
Let j(g) be the first derivative of -g**4/4 - g**2/2 - 11*g + 1322. Let q(u) = u**2 + 3*u - 4. Let n be q(-4). Give j(n).
-11
Let u be (1 - (3 + -1))*-1. Let z(g) = -4*g**3 + 11*g**2 - 2*g + 11. Let c(k) = -2*k**3 + 5*k**2 - k + 5. Let o(s) = 9*c(s) - 4*z(s). What is o(u)?
-1
Suppose 0 = 4*y + 10*y + 70. Let t(k) = -k**2 - 3*k + 2. Determine t(y).
-8
Let n(c) = -3*c + 2*c + 2*c**2 + 54*c**3 - 27*c**3 - 22*c**3. Calculate n(1).
6
Let o(b) = -4*b - 5. Suppose 5*f - 10*f - 45 = 0. Calculate o(f).
31
Let t(d) = -d + 6*d - 22*d**3 - d**2 - 6*d + 23*d**3. What is t(-1)?
-1
Let x(p) = -2*p - 4. Suppose -2*t + 110 = -7*t. Let c = 19 + t. Determine x(c).
2
Let j(g) = g**2 + 2*g + 6. Suppose 6*a - 1 = 5*a, 24 = -2*f + 4*a. Let w(u) = u**3 + 9*u**2 - 11*u - 14. Let i be w(f). Calculate j(i).
14
Let m(j) = j**3 - 6*j**2 + 5*j - 6. Let t = -32 - -45. Let y = -21 + 39. Let o = y - t. Give m(o).
-6
Let x(a) = 3*a - 3. Let r be x(5). Suppose 0 = -2*i + 4*i + r. Let l(u) = -2*u - u + 0 - 8. Calculate l(i).
10
Let a(k) = -8*k + 3 + 5*k**2 - 1 + 14*k - 16*k**3 + 15*k**3. Determine a(6).
2
Let u be -1 - (-3 - -2 - 0). Let h(w) = -1 + 0 - w**2 + 2 + 3. Calculate h(u).
4
Suppose -71*d = -67*d - 8. Suppose 8 = -2*m, -2*h + 0*m = m. Let w(f) = 1 - f**d + 4*f**h + 0*f - f**3 + f - f**2. What is w(2)?
3
Let a(k) = -k**3 + 26*k**2 - 25*k + 7. Let c = 1002 - 977. Give a(c).
7
Let u(z) = 3*z + 3. Let n be 1/(-3) - 231/9. Let p = n - -24. Calculate u(p).
-3
Let y(b) = -2*b**3 + 11*b**2 - 8*b + 24. Let p be y(5). Let h(l) = l**3 - 8*l**2 - 11*l + 10. Determine h(p).
-8
Let i(c) = -c**3 - 8*c**2 + 8*c + 3. Suppose 135 = -56*y + 41*y. Determine i(y).
12
Let v(l) = 0*l - l - l - 5. Suppose -21 - 4 = 5*k + d, 15 = -3*d. What is v(k)?
3
Let l(z) = 9390*z**2 - 2 + 3*z - 9387*z**2 - z. What is l(-4)?
38
Let l(c) be the first derivative of c**2/2 - 3. Suppose 2*t + 0 = 4. Suppose -3*u - t*u - 15 = 0, -x + u = 0. What is l(x)?
-3
Let x(j) = -j**3 - 4*j**2 - 5*j - 4. Let s be (4 + 6)*(-24)/(-10). Suppose 0 = 2*z + t - s, 0*z - 2 = z - 3*t. Let h = z + -13. Calculate x(h).
2
Let r(u) = u - 7. Let c(f) = f**3 + 16*f**2 + 15*f - 4. Let l be c(-15). Give r(l).
-11
Let b(j) = -j**2 + 65*j - 239. Let k be b(4). Let f(w) = -6*w + 4. Calculate f(k).
-26
Let o(h) be the first derivative of h**4/4 + h**3/3 - h**2/2 + 6*h + 27. Suppose 3*i - 4 = -l, i + 12 = -i + 3*l. Give o(i).
6
Suppose -52 = -25*t + 27*t. Suppose 150 = 4*c - 9*c. Let u = t - c. Let y(k) = -k**3 + 4*k**2 - 2*k + 1. Determine y(u).
-7
Let c(m) = -m**3 + 4*m**2 + 5*m - 17. Let z be c(5). Let q(w) = -w**3 - 17*w**2 + 1. What is q(z)?
1
Let t be ((-6)/(-7))/(-7 + (-624)/(-91)). Let z(l) = -l**2 - 13*l - 34. Give z(t).
8
Let p(t) = 6*t**2 + t + 1. Suppose 20*d = 22*d - 8. Suppose 4*v + 11 = 27. Suppose 0 = -3*k - d*u - 19, 3*k = k - v*u - 18. What is p(k)?
6
Let z be 2 + 9 - ((-1 - 0) + -3). Let a(q) = z + 7*q**2 + 13 - 42 + 15. Determine a(-1).
8
Let j(a) be the third derivative of -a**5/60 - a**4/12 + 9*a**3/2 - 6*a**2 + 34*a. Calculate j(0).
27
Let p(n) = n + 6. Let j be p(-5). Let v be (j + 0)/(2/4). Let a(d) be the second derivative of -d**3/6 - 2*d. What is a(v)?
-2
Let q(l) = -1. Let j = 95 + -96. Let r(z) = z**2 - 5*z - 14. Let f(p) = j*r(p) + 6*q(p). What is f(6)?
2
Let w = -1663 + 1666. Let k(g) be the first derivative of 9 - g**2 + 1/3*g**3 - w*g. Determine k(-2).
5
Suppose -h = -2*h + 2*n - 2, 0 = -4*n + 16. Let p = -12 + h. Let i(m) = m**3 + 5*m**2 - 7*m - 5. Calculate i(p).
1
Let c(l) = -3*l - 11. Let k(j) = -3*j - 9. Let o(h) = 5*c(h) - 6*k(h). Suppose 6*t - t = -5, 3 = u + 3*t. Let